{"id":506,"date":"2020-05-11T14:10:54","date_gmt":"2020-05-11T12:10:54","guid":{"rendered":"https:\/\/www.lespcl.com\/?post_type=agenda&#038;p=506"},"modified":"2020-05-11T14:10:54","modified_gmt":"2020-05-11T12:10:54","slug":"lycee-francais-new-york-etats-unis","status":"publish","type":"agenda","link":"https:\/\/www.lespcl.com\/en\/agenda\/lycee-francais-new-york-etats-unis\/","title":{"rendered":"Lyc\u00e9e fran\u00e7ais &#8211; New-York (\u00c9tats-Unis)"},"template":"","class_list":["post-506","agenda","type-agenda","status-publish","hentry"],"_links":{"self":[{"href":"https:\/\/www.lespcl.com\/en\/wp-json\/wp\/v2\/agenda\/506","targetHints":{"allow":["GET"]}}],"collection":[{"href":"https:\/\/www.lespcl.com\/en\/wp-json\/wp\/v2\/agenda"}],"about":[{"href":"https:\/\/www.lespcl.com\/en\/wp-json\/wp\/v2\/types\/agenda"}],"wp:attachment":[{"href":"https:\/\/www.lespcl.com\/en\/wp-json\/wp\/v2\/media?parent=506"}],"curies":[{"name":"wp","href":"https:\/\/api.w.org\/{rel}","templated":true}]}}

Lycée français &#8211; New-York (États-Unis)
