{"id":3494,"date":"2026-03-27T12:31:34","date_gmt":"2026-03-27T11:31:34","guid":{"rendered":"https:\/\/www.lespcl.com\/?post_type=agenda&#038;p=3494"},"modified":"2026-04-17T18:04:38","modified_gmt":"2026-04-17T16:04:38","slug":"auditorium-du-conservatoire-edgar-varese-macon-71","status":"publish","type":"agenda","link":"https:\/\/www.lespcl.com\/en\/agenda\/auditorium-du-conservatoire-edgar-varese-macon-71\/","title":{"rendered":"Espace de la Verch\u00e8re, Charnay-l\u00e8s-M\u00e2con (71)"},"template":"","class_list":["post-3494","agenda","type-agenda","status-publish","hentry"],"_links":{"self":[{"href":"https:\/\/www.lespcl.com\/en\/wp-json\/wp\/v2\/agenda\/3494","targetHints":{"allow":["GET"]}}],"collection":[{"href":"https:\/\/www.lespcl.com\/en\/wp-json\/wp\/v2\/agenda"}],"about":[{"href":"https:\/\/www.lespcl.com\/en\/wp-json\/wp\/v2\/types\/agenda"}],"wp:attachment":[{"href":"https:\/\/www.lespcl.com\/en\/wp-json\/wp\/v2\/media?parent=3494"}],"curies":[{"name":"wp","href":"https:\/\/api.w.org\/{rel}","templated":true}]}}

Espace de la Verchère, Charnay-lès-Mâcon (71)
