{"id":2092,"date":"2023-06-23T11:28:59","date_gmt":"2023-06-23T09:28:59","guid":{"rendered":"https:\/\/www.lespcl.com\/?post_type=agenda&#038;p=2092"},"modified":"2023-06-23T11:28:59","modified_gmt":"2023-06-23T09:28:59","slug":"amphitheatre-de-lopera-de-lyon-69-tout-public","status":"publish","type":"agenda","link":"https:\/\/www.lespcl.com\/en\/agenda\/amphitheatre-de-lopera-de-lyon-69-tout-public\/","title":{"rendered":"Amphith\u00e9\u00e2tre de l&#8217;Op\u00e9ra de Lyon (69) \/ tout public"},"template":"","class_list":["post-2092","agenda","type-agenda","status-publish","hentry"],"_links":{"self":[{"href":"https:\/\/www.lespcl.com\/en\/wp-json\/wp\/v2\/agenda\/2092","targetHints":{"allow":["GET"]}}],"collection":[{"href":"https:\/\/www.lespcl.com\/en\/wp-json\/wp\/v2\/agenda"}],"about":[{"href":"https:\/\/www.lespcl.com\/en\/wp-json\/wp\/v2\/types\/agenda"}],"wp:attachment":[{"href":"https:\/\/www.lespcl.com\/en\/wp-json\/wp\/v2\/media?parent=2092"}],"curies":[{"name":"wp","href":"https:\/\/api.w.org\/{rel}","templated":true}]}}

Amphithéâtre de l&#8217;Opéra de Lyon (69) / tout public
