{"id":2088,"date":"2023-06-23T11:23:09","date_gmt":"2023-06-23T09:23:09","guid":{"rendered":"https:\/\/www.lespcl.com\/?post_type=agenda&#038;p=2088"},"modified":"2023-06-23T11:23:09","modified_gmt":"2023-06-23T09:23:09","slug":"amphitheatre-de-lopera-de-lyon-69-scolaire-3","status":"publish","type":"agenda","link":"https:\/\/www.lespcl.com\/en\/agenda\/amphitheatre-de-lopera-de-lyon-69-scolaire-3\/","title":{"rendered":"Amphith\u00e9\u00e2tre de l&#8217;Op\u00e9ra de Lyon (69) \/ scolaire"},"template":"","class_list":["post-2088","agenda","type-agenda","status-publish","hentry"],"_links":{"self":[{"href":"https:\/\/www.lespcl.com\/en\/wp-json\/wp\/v2\/agenda\/2088","targetHints":{"allow":["GET"]}}],"collection":[{"href":"https:\/\/www.lespcl.com\/en\/wp-json\/wp\/v2\/agenda"}],"about":[{"href":"https:\/\/www.lespcl.com\/en\/wp-json\/wp\/v2\/types\/agenda"}],"wp:attachment":[{"href":"https:\/\/www.lespcl.com\/en\/wp-json\/wp\/v2\/media?parent=2088"}],"curies":[{"name":"wp","href":"https:\/\/api.w.org\/{rel}","templated":true}]}}

Amphithéâtre de l&#8217;Opéra de Lyon (69) / scolaire
