{"id":1195,"date":"2021-06-24T17:45:09","date_gmt":"2021-06-24T15:45:09","guid":{"rendered":"https:\/\/www.lespcl.com\/?post_type=agenda&#038;p=1195"},"modified":"2021-06-24T17:48:34","modified_gmt":"2021-06-24T15:48:34","slug":"concert-au-crr-de-besancon","status":"publish","type":"agenda","link":"https:\/\/www.lespcl.com\/en\/agenda\/concert-au-crr-de-besancon\/","title":{"rendered":"Conservatoire \u00e0 Rayonnement R\u00e9gional de Grand Besan\u00e7on M\u00e9tropole (25)"},"template":"","class_list":["post-1195","agenda","type-agenda","status-publish","hentry"],"_links":{"self":[{"href":"https:\/\/www.lespcl.com\/en\/wp-json\/wp\/v2\/agenda\/1195","targetHints":{"allow":["GET"]}}],"collection":[{"href":"https:\/\/www.lespcl.com\/en\/wp-json\/wp\/v2\/agenda"}],"about":[{"href":"https:\/\/www.lespcl.com\/en\/wp-json\/wp\/v2\/types\/agenda"}],"wp:attachment":[{"href":"https:\/\/www.lespcl.com\/en\/wp-json\/wp\/v2\/media?parent=1195"}],"curies":[{"name":"wp","href":"https:\/\/api.w.org\/{rel}","templated":true}]}}

Conservatoire à Rayonnement Régional de Grand Besançon Métropole (25)
